 of 1521?
False
Does 6 divide 2169549816?
True
Is 8874547 a multiple of 9?
False
Is 296512970 a multiple of 85?
False
Is 1034481833 a multiple of 1841?
True
Is 10 a factor of 3696084432?
False
Is 28 a factor of 16455001?
False
Does 1524 divide 21311482?
False
Is 85031687 a multiple of 7?
False
Does 1447 divide 45949485?
True
Does 1479 divide 9007110?
True
Is 2423 a factor of 44631660?
True
Is 186289568 a multiple of 107?
True
Does 16 divide 173618864?
True
Is 4129977 a multiple of 4?
False
Is 102 a factor of 310122432?
True
Does 12 divide 3428384424?
True
Is 57170240 a multiple of 608?
True
Does 1004 divide 88458424?
True
Is 19 a factor of 17083052?
True
Is 272 a factor of 1970829765?
False
Does 62 divide 342224987?
False
Is 62 a factor of 23463094?
True
Does 143 divide 394739202?
True
Does 2640 divide 12571680?
True
Is 16733984 a multiple of 1292?
True
Is 30 a factor of 84645791?
False
Does 336 divide 1021187328?
True
Is 61454625 a multiple of 25?
True
Is 127 a factor of 128599947?
False
Is 32868609 a multiple of 64?
False
Is 131863256 a multiple of 159?
False
Does 20 divide 9526280?
True
Is 3835863892 a multiple of 28?
True
Does 24 divide 705984?
True
Does 14 divide 2335301?
False
Is 206753760 a multiple of 4640?
True
Is 843843948 a multiple of 716?
True
Is 469369289 a multiple of 39?
False
Does 62 divide 3850512?
False
Is 10 a factor of 30332426?
False
Is 2812 a factor of 647228331?
False
Does 486 divide 43404350?
False
Is 380478421 a multiple of 22?
False
Is 37 a factor of 1194622626?
True
Is 86 a factor of 49695262?
False
Does 24 divide 1762186?
False
Does 23 divide 4904250512?
False
Does 13 divide 4534524363?
False
Is 803167239 a multiple of 623?
True
Is 14123115 a multiple of 1109?
True
Is 2740 a factor of 934212450?
False
Is 28267343 a multiple of 13?
True
Is 247202061 a multiple of 204?
False
Does 2273 divide 631364391?
True
Does 2506 divide 17328990?
True
Is 12778761 even?
False
Is 14 a factor of 59657048?
False
Is 234 a factor of 2010052677?
False
Does 23 divide 16284828?
True
Does 8 divide 7735848?
True
Is 250 a factor of 247253208?
False
Is 1371 a factor of 24490173?
True
Is 95 a factor of 84887820?
True
Does 14 divide 116791836?
True
Is 40673054 a multiple of 3317?
True
Is 69 a factor of 14760708?
False
Does 2293 divide 63908235?
False
Does 2 divide 292556?
True
Does 13 divide 236352360?
False
Is 687547452 a multiple of 8013?
True
Does 489 divide 116264825?
False
Is 1408 a factor of 25830847?
False
Is 291 a factor of 1162121595?
True
Is 89 a factor of 176704176?
False
Is 3299370 a multiple of 126?
False
Is 80 a factor of 132729920?
True
Does 168 divide 25811038?
False
Is 275465064 a multiple of 56?
True
Does 231 divide 98359338?
True
Is 2245738 even?
True
Does 49 divide 91514605?
True
Is 1035 a factor of 35628840?
True
Is 20455676 a multiple of 10?
False
Does 650 divide 130400758?
False
Does 751 divide 2174226?
False
Does 56 divide 158312560?
True
Is 208987215 a multiple of 795?
True
Does 161 divide 22918994?
True
Is 1152238439 a multiple of 14?
False
Does 272 divide 9574730?
False
Is 926 a factor of 2852059?
False
Is 355497132 a multiple of 204?
True
Is 211737976 a multiple of 296?
True
Does 173 divide 546360398?
False
Does 43 divide 37952015?
True
Does 151 divide 40890143?
False
Is 4216 a factor of 384920800?
True
Is 420 a factor of 35124997?
False
Is 370513651 a multiple of 3?
False
Is 21 a factor of 38742543?
True
Is 34172438 a multiple of 181?
True
Does 46 divide 285196366?
True
Is 229507087 a multiple of 50?
False
Is 1151084357 a multiple of 14?
False
Does 3346 divide 38385312?
True
Does 195 divide 91344240?
True
Is 608 a factor of 42632017?
False
Is 54709668 a multiple of 6?
True
Does 860 divide 29925011?
False
Does 554 divide 782117690?
False
Is 2315040 a multiple of 42?
True
Is 54 a factor of 203475024?
True
Is 910 a factor of 1518611795?
False
Does 212 divide 96197332?
True
Does 597 divide 53819074?
False
Is 1110254337 a multiple of 5703?
True
Does 140 divide 29618680?
True
Is 3 a factor of 18490761?
True
Does 9 divide 2536065?
True
Is 7 a factor of 19739699?
True
Does 523 divide 1265361304?
False
Is 39836046 a multiple of 14?
False
Is 305 a factor of 25011821?
False
Is 32205485 a multiple of 13?
True
Is 1224 a factor of 913340232?
True
Is 348745431 a multiple of 138?
False
Does 13 divide 32740240?
True
Does 22 divide 927194?
False
Does 5 divide 1826373?
False
Does 11 divide 226398570?
False
Is 188446090 a multiple of 14?
True
Does 20 divide 83315478?
False
Is 1704011681 a multiple of 61?
False
Is 20 a factor of 779420?
True
Is 130 a factor of 6276920?
True
Does 7 divide 105904519?
True
Is 123223875 a multiple of 249?
True
Is 794874 a multiple of 14?
False
Is 19207300 a multiple of 35?
True
Is 32 a factor of 1100125760?
True
Does 120 divide 15383807?
False
Is 19 a factor of 59932555?
True
Does 1270 divide 429740060?
True
Is 1387665390 a multiple of 37?
True
Is 408 a factor of 110455800?
True
Is 1116981101 a multiple of 23?
False
Does 16 divide 8933412?
False
Is 420 a factor of 821258760?
True
Does 26 divide 110077156?
False
Does 596 divide 273453740?
True
Is 382 a factor of 9566044?
True
Is 36483739 a multiple of 37?
True
Does 32 divide 342592902?
False
Is 1774180141 a multiple of 53?
True
Does 1013 divide 139131498?
True
Is 24 a factor of 23489358?
False
Is 1931701 a multiple of 9?
False
Is 226371965 a multiple of 507?
False
Is 704607856 a multiple of 2225?
False
Does 8 divide 20201245?
False
Is 452 a factor of 36638816?
False
Does 117 divide 35002773?
True
Is 9 a factor of 423062487?
True
Does 407 divide 160575211?
False
Is 6759 a factor of 444363696?
True
Is 928 a factor of 176987232?
True
Does 734 divide 1030467614?
False
Is 135916650 a multiple of 1494?
True
Is 26 a factor of 122034089?
False
Is 289608324 a multiple of 6?
True
Is 4056836 a multiple of 67?
False
Does 283 divide 15570943?
True
Is 210 a factor of 10804710?
True
Does 7 divide 148759303?
True
Does 1081 divide 161732237?
False
Does 77 divide 3491026?
True
Is 1360 a factor of 779262580?
False
Is 24336788 a multiple of 188?
True
Is 21436398 a multiple of 18?
True
Is 461812575 a multiple of 1995?
True
Is 456 a factor of 107149968?
True
Is 70485888 a multiple of 309?
False
Is 79 a factor of 14470824?
False
Does 462 divide 963630102?
False
Is 41 a factor of 602396272?
True
Does 197 divide 19954200?
False
Is 318128501 a multiple of 43?
False
Is 8 a factor of 176430207?
False
Is 7211800 a multiple of 2?
True
Is 74 a factor of 829402804?
True
Is 28 a factor of 41416279?
False
Does 50 divide 31842850?
True
Is 4698 a factor of 453587202?
True
Is 797 a factor of 73486275?
False
Does 1145 divide 744495030?
True
Does 430 divide 4192187390?
True
Is 1338 a factor of 37195062?
True
Does 252 divide 1500585381?
False
Does 5 divide 37987440?
True
Is 14 a factor of 131646536?
True
Does 104 divide 1802514584?
True
Is 20468769 a multiple of 1150?
False
Is 2 a factor of 241783858?
True
Does 26 divide 847310984?
True
Is 16954905 a multiple of 5?
True
Is 1455 a factor of 9265082?
False
Is 21 a factor of 84602181?
False
Does 32 divide 1023494779?
False
Does 9 divide 345946239?
True
Is 4382137 a multiple of 195?
False
Does 53 divide 1454851822?
False
Does 1402 divide 33346570?
True
Is 8939747 a multiple of 131?
False
Does 116 divide 130734884?
False
Is 51 a factor of 1335598470?
False
Is 617481 a multiple of 171?
True
Is 479 a factor of 319589271?
False
Does 1126 divide 64238674?
False
Is 320 a factor of 20799485?
False
Is 3917170 a multiple of 17?
False
Is 441376189 a multiple of 13?
False
Is 34 a factor of 79808812?
True
Is 9 a factor of 42106350?
False
Is 16 a factor of 58063440?
True
Does 111 divide 784600827?
False
Is 333 a factor of 41038587?
True
Is 25133394 a multiple of 915?
False
Is 5793 a factor of 36698655?
True
Is 188240680 a multiple of 1660?
True
Does 12 divide 36694878?
False
Does 279 divide 6188708?
False
Is 402 a factor of 9806790?
True
Is 211 a factor of 66134522?
False
Is 9309307 a multiple of 206?
False
Does 409 divide 39184864?
False
Does 240 divide 581364843?
False
Does 711 divide 534716793?
True
Does 4341 divide 5092409736?
True
Is 17 a factor of 12028952?
False
Is 190679788 a multiple of 26?
True
Is 392 a factor of 176369816?
True
Is 1600 a factor of 